late d(-8).
1
Let c(i) = 17*i + 70. Calculate c(-4).
2
Let t(n) = 11*n + 5. Give t(-4).
-39
Let i(m) = 5*m - 51. Determine i(9).
-6
Let o(x) = -x**2 - 4*x - 6. Determine o(5).
-51
Let b(v) = -2*v**2 + 22*v + 15. Calculate b(12).
-9
Let q(g) = -8*g - 5. Calculate q(-4).
27
Let f(n) = -n**3 + 14*n**2 + 2*n - 10. Give f(14).
18
Let p(g) = 59*g**2 + 3*g - 2. Calculate p(1).
60
Let k(s) = -s**3 + 6*s**2 - 8*s + 9. Calculate k(6).
-39
Let t(p) = 44*p**2 + p - 2. Give t(-1).
41
Let g(h) = 4*h + 35. Determine g(-8).
3
Let v(f) = -f**3 - 4*f**2 + 5. What is v(-2)?
-3
Let t(f) = 2*f**3 - 3*f**2 + 2. Give t(2).
6
Let w(d) = d**3 - 12*d**2 - 14*d + 14. Calculate w(13).
1
Let u(b) = -b**2 + 10*b - 19. Give u(3).
2
Let t(r) = 4*r + 92. Give t(-24).
-4
Let s(r) = 12*r - 112. Give s(9).
-4
Let p(w) = w**3 - 20*w**2 + 52*w + 5. Calculate p(17).
22
Let v(p) = 5*p - 2. Determine v(-3).
-17
Let b(d) = -d**2 - 6*d + 141. Determine b(10).
-19
Let f(l) = -l**3 + 20*l**2 + 26*l - 108. What is f(21)?
-3
Let c(p) = p**3 - 12*p**2 - 30*p + 27. Calculate c(14).
-1
Let h(d) = -8*d**2 - d - 1. What is h(1)?
-10
Let w(j) = -3*j**3 + 6*j - 7. What is w(2)?
-19
Let y(z) = -z**3 - 7*z**2 + 38*z - 71. What is y(-11)?
-5
Let u(x) = -2*x**3 + 12*x**2 + 16*x. Give u(7).
14
Let m(l) = l**2 - 28*l - 125. What is m(32)?
3
Let y(o) = o**3 - o - 11. What is y(0)?
-11
Let n(y) = y**2 - 8*y + 12. Calculate n(7).
5
Let o(v) = -3*v - 53. Determine o(-23).
16
Let l(d) = 10*d + 129. Determine l(-13).
-1
Let u(c) = 27*c - 5. Give u(6).
157
Let y(a) = 2*a - 29. Give y(0).
-29
Let q(m) = m**3 + 22*m**2 - 23*m - 5. What is q(-23)?
-5
Let m(p) = -9*p**2 + p + 1. What is m(3)?
-77
Let g(p) = 8*p**3 + 2*p**2 - p - 1. Determine g(1).
8
Let k(y) = -2*y**2 - 83*y - 198. What is k(-39)?
-3
Let r(m) = m**3 - 6*m - 2. Give r(-3).
-11
Let p(v) = -v**3 + 20*v**2 - 20*v + 27. What is p(19)?
8
Let z(d) = 5*d**3 + 2*d**2 - 6*d + 3. What is z(2)?
39
Let t(b) = b**3 - 8*b**2 - 8*b - 10. Determine t(9).
-1
Let w(k) = k + 52. Give w(0).
52
Let q(z) = -2*z - 7. What is q(2)?
-11
Let d(f) = -f**3 + 12*f**2 - 31*f - 7. Determine d(8).
1
Let u(b) = -7*b + 27. Give u(6).
-15
Let k(s) = -22*s + 746. Determine k(34).
-2
Let t(u) = -31*u - 2. Give t(1).
-33
Let s(a) = -a**3 - 15*a**2 - 24*a + 22. What is s(-13)?
-4
Let j(c) = 10*c + 16. What is j(11)?
126
Let j(s) = s**3 + 2*s**2 - 23*s - 1. Calculate j(4).
3
Let g(o) = o**3 + 50*o**2 - 4*o - 202. Calculate g(-50).
-2
Let x(b) = b**3 - 2*b**2 + 5*b - 4. Calculate x(2).
6
Let o(x) = -x**2 - 17*x - 3. Determine o(-17).
-3
Let w(t) = -12*t**2 - t + 1. Determine w(1).
-12
Let y(q) = q**2 + q - 2. Give y(2).
4
Let p(r) = 11*r - 38. Determine p(5).
17
Let k(t) = 3*t - 122. Give k(40).
-2
Let l(y) = y**3 + y**2 + 4*y + 13. Give l(-2).
1
Let a(l) = -l + 1. Calculate a(5).
-4
Let x(t) = -t**3 + 21*t**2 + 21*t + 27. Calculate x(22).
5
Let j(b) = 6*b - 7. Calculate j(3).
11
Let l(y) = -y - 11. What is l(-16)?
5
Let h(o) = 4*o**3 + 2*o. What is h(-2)?
-36
Let q(t) = -4*t**3 + 13*t**2 - 6*t + 4. Give q(4).
-68
Let i(v) = v**2 - 9*v. Determine i(9).
0
Let n(j) = -j**2 + 16*j + 9. Determine n(16).
9
Let p(w) = w**3 - 12*w**2 + 15*w - 1. Determine p(10).
-51
Let i(c) = c + 10. Calculate i(-5).
5
Let v(t) = -t**3 - 8*t**2 - t - 4. Give v(-8).
4
Let t(y) = -y**3 - 17*y**2 - y - 14. Give t(-17).
3
Let s(r) = -r**3 - 14*r**2 - 13*r + 5. Determine s(-13).
5
Let y(x) = 2*x**3 + 5*x**2 + 3*x + 1. What is y(-3)?
-17
Let m(w) = w**3 - w + 31. Give m(0).
31
Let h(u) = -u**3 + 8*u**2 - 4*u + 3. Calculate h(6).
51
Let s(v) = -3*v**2 - 27*v + 1. Determine s(0).
1
Let j(d) = d**3 - 6*d**2 + 6*d - 6. What is j(4)?
-14
Let m(x) = 2*x**2 - 4*x. Determine m(2).
0
Let w(k) = k**2 + 16*k + 41. Give w(-14).
13
Let m(v) = -2*v + 6. Calculate m(5).
-4
Let g(b) = b. Calculate g(4).
4
Let d(j) = -j**2 - 10*j - 23. Calculate d(-7).
-2
Let b(c) = 9*c - 74. Calculate b(10).
16
Let n(v) = -8*v**2 - 6*v + 5. Determine n(1).
-9
Let n(d) = 2*d + 44. Calculate n(-19).
6
Let v(o) = -2*o**2 + 25*o + 50. What is v(15)?
-25
Let y(d) = -d**3 + d**2 + 7*d + 3. Give y(4).
-17
Let w(s) = -s**2 - 5*s + 27. Calculate w(-10).
-23
Let d(b) = -4*b + 21. What is d(4)?
5
Let b(i) = 7*i + 7. Calculate b(-2).
-7
Let p(q) = 2*q**2 + q - 1. What is p(1)?
2
Let p(h) = -h**3 - 9*h**2 + 2*h + 1. Give p(-8).
-79
Let b(z) = z**3 - 8*z**2 + 10*z + 14. Calculate b(6).
2
Let q(d) = 3*d - 18. Calculate q(9).
9
Let i(t) = -24*t**3 + t**2 + 3*t + 3. Calculate i(-1).
25
Let m(k) = 14*k**2 - k. Determine m(-2).
58
Let w(h) = 8*h + 89. What is w(-10)?
9
Let m(i) = i**2 - 24*i + 90. Determine m(6).
-18
Let f(y) = 40*y + 600. Calculate f(-15).
0
Let q(s) = -14*s - 65. Calculate q(-6).
19
Let g(r) = r**3 + 7*r**2 + 5*r + 3. Calculate g(-4).
31
Let m(h) = 2*h**2 + 7*h - 1. Give m(-5).
14
Let i(z) = -z**2 - 27*z. Determine i(-27).
0
Let y(k) = -7*k - 5. Determine y(-7).
44
Let n(l) = 3*l + 3. What is n(0)?
3
Let c(x) = -11*x**2 - 27*x - 10. Give c(-2).
0
Let k(y) = -y**3 + 6*y**2 - 2*y + 4. Calculate k(4).
28
Let i(f) = f**3 + 20*f**2 + 32*f + 240. Determine i(-19).
-7
Let j(b) = -b**2 + 15*b - 53. Calculate j(6).
1
Let x(c) = -c**2 - 19*c - 81. Determine x(-12).
3
Let r(h) = h**3 + 11*h**2 + 10*h + 13. Give r(-7).
139
Let l(x) = -6*x + 27. Give l(4).
3
Let j(z) = -2*z**2 - 17*z + 25. Calculate j(-10).
-5
Let u(o) = o**3 - 61*o**2 - 126*o + 10. Determine u(63).
10
Let c(u) = -2*u**2 + 23*u - 10. Calculate c(11).
1
Let q(m) = -m**3 + 2*m**2 - 4*m + 5. Determine q(1).
2
Let i(h) = 2*h**2 + 2*h. Determine i(-4).
24
Let u(t) = 4*t**2 + 15*t + 33. Determine u(-2).
19
Let d(k) = 3*k - 49. Determine d(-9).
-76
Let z(j) = -5*j + 60. Calculate z(14).
-10
Let x(w) = 3*w + 8. Calculate x(13).
47
Let r(c) = -2*c. Determine r(-1).
2
Let d(t) = 4*t**2 + 3*t - 4. Determine d(-3).
23
Let r(i) = i**3 - 8*i**2 + 4*i - 5. Give r(4).
-53
Let q(h) = h**2 + 13*h - 7. Determine q(-13).
-7
Let b(o) = o**2 + 18*o + 22. What is b(-17)?
5
Let v(u) = 37*u - 153. Calculate v(4).
-5
Let r(t) = t**2 + 7*t. What is r(-8)?
8
Let h(v) = v**3 + 8*v**2 + 2*v + 6. What is h(-8)?
-10
Let f(y) = y - 7. Give f(3).
-4
Let x(g) = -4*g + 7. What is x(7)?
-21
Let o(b) = -b**3 - 17*b**2 + 2. Calculate o(-17).
2
Let l(q) = -3*q + 5. What is l(4)?
-7
Let d(p) = 7*p - 44. Determine d(8).
12
Let l(w) = -47*w**3 - w**2 - w - 2. Give l(-1).
45
Let n(x) = -2*x - 15. Calculate n(-5).
-5
Let k(b) = -4*b**3 - 3*b**2 + 2*b + 5. Determine k(-3).
80
Let s(m) = 27*m**3 + m**2 - 2*m - 2. Determine s(-1).
-26
Let v(g) = 8*g - 7. Give v(-5).
-47
Let m(y) = -y**2 - 4*y - 1. Determine m(-4).
-1
Let c(o) = -o**2 + 16*o - 28. Determine c(14).
0
Let k(p) = 7*p**2 - 6*p - 3. Calculate k(2).
13
Let z(r) = -r + 9. What is z(7)?
2
Let d(n) = 5*n**3 - 2*n - 17. Determine d(0).
-17
Let l(r) = r**2 - 25*r - 81. What is l(28)?
3
Let v(x) = -7*x + 1. What is v(-6)?
43
Let y(u) = u**3 + 8*u**2 + 12*u - 2. Calculate y(-3).
7
Let i(p) = -8*p + 1. Give i(2).
-15
Let b(t) = -2*t + 11. Calculate b(-3).
17
Let m(t) = -2*t**2 + 14*t - 34. What is m(5)?
-14
Let d(b) = b. Calculate d(6).
6
Let q(b) = b**3 - 13*b**2 + 15*b + 13. What is q(11)?
-64
Let d(f) = -14*f**2 - 7*f - 1. Give d(-1).
-8
Let f(q) = q**3 + 12*q**2 + q + 10. Determine f(-12).
-2
Let f(n) = -n**2 + 9*n + 20. Give f(11).
-2
Let z(s) = -3*s**3 - 42*s**2 + 8*s + 107. Calculate z(-14).
-5
Let o(l) = -l**3 - l**2 + 2*l + 2. Give o(-1).
0
Let j(v) = -43*v + 296. Give j(7).
-5
Let w(g) = -g - 2. What is w(5)?
-7
Let a(c) = c**3 + 48*c**2 + 6*c + 288. Determine a(-48).
0
Let r(a) = -a - 3. Give r(4).
-7
Let c(s) = -s**2 + 6*s + 2. Determine c(6).
2
Let g(m) = -3*m - 27. Calculate g(-18).
27
Let o(p) = 2*p**2 + 113*p + 365. What is o(-53)?
-6
Let n(y) = -y - 22. Determine n(-28).
6
Let b(j) = 7*j - 1. Give b(4).
27
Let o(g) = -g**2 - 9*g - 2. Calculate o(8).
-138
Let k(m) = 10*m + 29. Calculate k(-2).
9
Let z(w) = w**3 - 20*w**2 - 8*w - 22. Determine z(20).
-182
Let h(o) = -3*o**3 + o**2 + o. Give h(2).
-18
Let t(k) = k**2 - 30*k + 154. Give t(10).
-46
Let n(d) = d + 7. What is n(-5)?
2
Let m(v) = v + 41. Determine m(-8).
33
Let x(k) = k - 27. Give x(9).
-18
Let q(d) = -d**2 + 9*d + 1. Give q(9).
1
Let c(d) = d**2 - 6*d - 19. What is c(8)?
-3
Let r(f) = -f**3 - 12*f**2 + 2*f +